 = -181 + 277. Let o be u/(-8) - -1*2. What is the units digit of (12/o)/(10/(-450))?
4
Suppose 5*g = -4*n + 111, -19 - 30 = -3*g + 2*n. Suppose g - 42 = -k. What is the tens digit of k?
2
Let j(n) = 5*n**3 + 10*n**2 - 31*n + 54. What is the thousands digit of j(8)?
3
Let n = -18 + 28. What is the tens digit of 15 - (-4 + n)/2?
1
Suppose -x - 292 = -245. Let y(r) = -r + 1. Let g be y(1). What is the tens digit of g - (-2 + (x - 3))?
5
Suppose 3250 = -11*o + 10796. What is the units digit of o?
6
Let v be (68/(-5))/(8/(-20)). Let k be 14/(-21) + v/6. Suppose a = -a + k*p + 30, 0 = a - 3*p - 17. What is the units digit of a?
5
Suppose 10*y - 661 - 1109 = 0. What is the tens digit of y?
7
Let z be ((-4)/3)/((-4)/186). Let b = z + 3. What is the tens digit of b?
6
Let r(h) be the second derivative of h**4/12 - h**3/3 - 9*h**2/2 - 7*h. Suppose 2*z + 3*f = 22, -4*z = z - 2*f - 36. What is the tens digit of r(z)?
3
Let l(h) = h**3 - 4*h**2 - 6*h + 11. Let u be l(5). What is the tens digit of (-2 - (-24)/10)/(u/1470)?
9
Suppose 2*u - 16 = 124. Let x = u - 27. What is the units digit of x?
3
Suppose 2*h - 8 + 2 = 0. Suppose -2*p = -h*p + 24. Suppose -4 = 5*c - p. What is the units digit of c?
4
Suppose 5*z = -3 + 23. Suppose -4*q + 152 = z*i, 255 = 5*i + 4*q + 62. What is the units digit of i?
1
Let h(m) = 21*m**2 - 13*m + 297. What is the tens digit of h(13)?
7
Let c be ((-3)/2)/(12/40). What is the units digit of ((-5)/(-2))/(c/(-100))?
0
Let u(p) = -p**2 + 5*p + 3. Let t be u(3). Suppose 6*o = 3*o + t. Suppose -h = -o*h + 44. What is the units digit of h?
2
Let a(n) = -n - 8. Let q be (-8 + 1)/(-7 + 8). Let s be a(q). What is the units digit of (1 + s + -1)*-42?
2
Let w(r) = -37*r**3 - 3*r**2 - 3*r - 1. Suppose -q + 6*q + 30 = 0. Let f = q - -5. What is the units digit of w(f)?
6
Let b = -26 + 39. Suppose -18*j = -b*j - 295. What is the units digit of j?
9
Suppose -4*y - 462 = t + 303, 3*y + t + 574 = 0. Let d = -112 - y. Let h = -43 + d. What is the tens digit of h?
3
Let z = -3263 - -5338. What is the units digit of z?
5
Let a(c) = 2*c - 29. Let m(y) = -2*y + 30. Let g(j) = -5*a(j) - 4*m(j). Suppose p = -p. What is the units digit of g(p)?
5
Suppose -160 = 17*n - 13*n. Let k = 77 + n. Let l = 55 - k. What is the units digit of l?
8
Let z = -1 + 1. Suppose z*p + 12 = 2*p. Let t = p - 4. What is the units digit of t?
2
Let n(a) = 4*a**2. Let h be n(-1). Suppose 18*z = 16*z - h. What is the tens digit of z - ((-3 - -5) + -42)?
3
Suppose -y = -8 - 0. Suppose 2*t = 3*t + y. What is the units digit of 4 - 12/t*2?
7
Let b(t) = -12*t - 16. Let w be b(-2). Suppose -w*j + 6*j + 278 = 0. What is the units digit of j?
9
Suppose 4*m + 5*p - 1768 = 0, -3*m = -m - 4*p - 910. What is the tens digit of m?
4
Suppose 0 = 5*p + 2*o - 33, 2*p + 3*p - 2*o = 17. Suppose p*c - 956 + 86 = 0. What is the units digit of c?
4
Let q = 42 + 975. What is the tens digit of q?
1
Let a(k) = -k**2 + 6*k + 2. Let u be a(4). Suppose q - u = -q. What is the units digit of q?
5
Let r be 26/(-6)*30/(-5). Let k = -34 + 6. Let q = r - k. What is the units digit of q?
4
Let g(i) = 326*i**2 - 17*i - 18. What is the units digit of g(-1)?
5
Suppose 2*l = 2*o - 132, 6 = 2*l - 0. What is the units digit of o?
9
Let q be 8/52 + (-37)/(-13). Let u = -3 + q. Suppose 5*w = -u*w + 95. What is the units digit of w?
9
Suppose -14 = -5*x + 1. Suppose -h = 3*q - 80, -2*q + 5*h + 56 = x*h. What is the tens digit of q?
2
Let f(m) = 13*m**2 - 2*m - 4. Let t be ((-24)/(-42))/(4/(-14)). What is the tens digit of f(t)?
5
Let c(o) = 2*o. Suppose 23 = b + 3*n, 3*n - n = -4*b + 52. What is the tens digit of c(b)?
2
Let s(l) = l - 7. Let p be s(10). Suppose 0 = p*f - 7 - 5. Suppose 2*u - 5*m = u + 45, -f*u + 165 = -5*m. What is the units digit of u?
0
Let j(x) = -648*x + 27. What is the hundreds digit of j(-1)?
6
Suppose -b + 2*j = -3*j - 1, 0 = -4*b - 5*j - 21. What is the units digit of -1 - b/8*142?
0
Let o = 138 + -126. Suppose -o*l + 1382 = -1750. What is the hundreds digit of l?
2
Let l = 15 - 11. Suppose 7*v - l*v - 6 = 0. Suppose d - 123 = -v*d + 3*q, 0 = 5*d - 4*q - 201. What is the tens digit of d?
3
Let a = 21 + -21. Suppose 2*l = s - a*s - 44, 0 = -5*l + 2*s - 108. Let h = l + 65. What is the tens digit of h?
4
Suppose i = y - 2*i, 0 = 3*y + i. Suppose y*t - t = -5*g + 35, 5*g + 3*t - 35 = 0. What is the units digit of g?
7
Suppose -4*r + r = -4*b + 10, -b = -r - 3. What is the hundreds digit of (b - 5 - -147 - -3) + -2?
1
Suppose 102 = 5*m + 22. Let g = -12 + m. Suppose -2*c = -3*p + 2*c - 17, -g*p + 2*c - 6 = 0. What is the units digit of p?
1
Let v be ((-2)/(-4))/((-10)/120). What is the tens digit of v/36 + 218/12?
1
Let i = 36 - 56. Suppose -4*w - 200 = -20. Let c = i - w. What is the units digit of c?
5
Let s(v) = -v - 1. Let t be s(-5). Let j = t + -1. What is the units digit of j?
3
Suppose 4*h = -2*h - 1908. Let l be ((-11)/(-33))/((-1)/h). Suppose -7*j - l = -400. What is the units digit of j?
2
Let f be (-4)/(-8)*-2*-13. Suppose o + 7 = 4*q, 0 = -3*o + 2*q + 3*q - 21. Let n = o + f. What is the units digit of n?
6
Let k(u) = 4*u + 4. Let j be k(5). Let b = -1032 - -1803. What is the tens digit of b/j - (-2)/(-16)?
3
Let k(t) = t**3 - 2*t**2 - 4*t + 3. Let q be k(3). Let d(r) = r + 65. What is the units digit of d(q)?
5
Suppose -5*d = -3*d - 278. Let m = d + -77. Suppose 180 - m = 2*x. What is the tens digit of x?
5
Let x(a) = -a**3 - 4*a**2 - 5*a - 2. Let w be x(-2). Suppose w = -5*b + 23 + 37. What is the units digit of 2/(-12) + 170/b?
4
Suppose -3*z + z = a + 7, -4 = -4*a. Let t = z - -10. Suppose -t*x = -7*x + 24. What is the units digit of x?
4
What is the thousands digit of (-2459336)/(-2376) - ((-112)/(-54) + -2)?
1
Suppose 81 + 163 = 2*n. Let p = n - 68. What is the units digit of p?
4
Suppose 3*a + 14 - 8 = 0. Let c = a + 11. What is the units digit of c?
9
Let y(z) = -292*z + 78. What is the thousands digit of y(-4)?
1
Let p = -2713 + 6394. What is the tens digit of p?
8
Let b = -24 + 26. Suppose -b*q = 3*u - 103, -25 = -u - 0*q + 4*q. What is the tens digit of u?
3
Let j = 117 - 117. Suppose j = 20*m - 23*m + 303. What is the tens digit of m?
0
Let r(l) = -3*l - 10. Let s be r(-5). Suppose 3*h = 2*v + 2*v + 11, 0 = -5*v + s. Suppose -h*y = -3*b + 157, 4*b - 56 - 159 = y. What is the tens digit of b?
5
Let m = 1 + 306. What is the hundreds digit of m?
3
Let m(f) = -2*f - 16. Let g be m(-6). Let w = 12 + g. What is the tens digit of (-65)/(-2)*w/10?
2
Let x = -36 - -38. Suppose -7 = -3*r - 4*p + x, -r + 5*p + 3 = 0. What is the units digit of r?
3
Let y = -151 + 58. Let k = 187 + y. What is the tens digit of k?
9
Suppose 0 = 2*r - 2*j + 228, -4*r + 8*r + 452 = 5*j. Let d = 58 - r. What is the hundreds digit of d?
1
Let p(f) = f**3. Suppose 4*s - i - 2 = -1, 0 = s - 3*i - 3. Let d be p(s). Suppose 4*h = 3*r - d*r - 64, -2*r = h - 39. What is the tens digit of r?
2
Let v = -160 + 231. Suppose -2*p = 15 - v. What is the units digit of p?
8
Let u be (-39)/(-15) + (-9)/15 + 450. Suppose v - 244 = -2*v - 5*j, -5*v = -3*j - u. What is the units digit of v?
8
Let i be 3 - (3 - 1) - -22. Suppose -28 = -5*j + 3*l, 4*j + 4*l + 7 = i. Suppose 3 - 1 = -2*g - 5*u, 3*g - j*u - 47 = 0. What is the units digit of g?
9
Let l(a) = -1454*a - 36. What is the hundreds digit of l(-1)?
4
Let p = -9 - -12. Suppose 0 = -3*a - p - 3. What is the tens digit of ((-60)/50)/(a/40)?
2
Suppose 136 = 2*j + 2*h + 36, 3*h - 205 = -4*j. What is the units digit of j?
5
Let l be ((-27)/27)/((-2)/10). Let q(c) = -c**3 + 5*c**2 + 4*c + 7. What is the units digit of q(l)?
7
Suppose -4 = u - c, -5*u + 4*c = -3*u + 2. Let w(i) = -20*i - 63. What is the units digit of w(u)?
7
Suppose -a + 2*b = 43 - 214, 0 = -2*b. What is the units digit of a?
1
Suppose 3*w + 10 = w, 3*m + 3*w - 21 = 0. Suppose -28 + m = -4*h. What is the units digit of h?
4
Suppose -3*k - 2 = -l - k, 0 = 2*l + k - 29. Let r be (-4)/(-2)*(-1296)/288. What is the units digit of r/l - (-107)/4?
6
Let l(s) = -s**2 + 43*s - 51. What is the tens digit of l(24)?
0
Let l = -4247 - -6516. What is the hundreds digit of l?
2
Let s be (0 + 4 - 0) + 2. Suppose 2*l = 5*b - 13, -1 + s = b. Let q = -2 + l. What is the units digit of q?
4
Let i(r) = -r + 12. Let u(l) = 